ppose 8*p - 3*p - 45 = r*s, 5*p - 2*s = 51. List the prime factors of p.
11
Let u be (-2)/6 + (-104)/12. Let p be (40/6)/((-3)/u). Suppose -5*j = -p, -5*l = -3*j - 9 - 4. What are the prime factors of l?
5
Let d(q) = q + 20. Let a be d(-17). What are the prime factors of a/(-5 - -2) + 33?
2
Let x = -23 + 56. What are the prime factors of x?
3, 11
Suppose 2*u - 42 = 70. List the prime factors of u.
2, 7
Suppose 5*f - 56 = f. Suppose -a = -3 - f. List the prime factors of a.
17
Suppose 2*y - 3*c - 51 = -0*y, 2*y + 2*c - 46 = 0. What are the prime factors of y?
2, 3
Let y(v) = v**3 + 3*v**2 - 2*v - 2. Let d be y(-4). Let t be (d/4 - -2)*-4. Suppose 0*q = -5*q, t*q + 8 = 2*l. What are the prime factors of l?
2
Let u = -5 - 1. Let z = -12 - u. List the prime factors of (-86)/z - (-2)/3.
3, 5
Let f(x) = -x**3 + 9*x**2 + x - 1. Let n be f(9). Suppose 3*k = 4*k - n. What are the prime factors of k?
2
Suppose q + 2 = 2*q. Suppose -6*l + 2*l = r - 18, -l + 3*r = q. What are the prime factors of l?
2
List the prime factors of 66/(-4)*(-40)/15.
2, 11
Let s(o) = o**2 - 3*o + 7. Let h(y) = 3*y**2 - 9*y + 21. Let u(w) = 3*h(w) - 8*s(w). What are the prime factors of u(7)?
5, 7
Suppose 0 = r + g - 2, -5*r = -0*g - g - 4. Let c(d) = -d. Let s(j) = 4*j. Let h(k) = r*s(k) + 5*c(k). What are the prime factors of h(-5)?
5
Suppose -2*q - 2 = -3*q. Suppose -q*h + 14 = -h. What are the prime factors of h?
2, 7
Let f be (1*-3)/((-4)/(-4)). Let r = f - -5. List the prime factors of 2 + (0 - (0 - r)).
2
Let a be (-9)/2 - 4/(-8). Let m(d) = -d**2 - 4*d + 5. List the prime factors of m(a).
5
Let p(l) = -l**3 + 8*l**2 + 13*l + 11. What are the prime factors of p(8)?
5, 23
Suppose 3 = 2*q - 1. List the prime factors of q.
2
Suppose -2 = -3*j - 5*r, 2*j + r = 3*r - 20. Let a be j/(2 + 1)*-1. What are the prime factors of (15/6 - a)*14?
7
Suppose 4*m - 330 = -5*b, 2*m - 79 = -2*b + 55. List the prime factors of b.
2, 31
Let o(l) = -l**2 - 11*l + 12. Let i be o(-12). Suppose 0 = 3*g - i*g. Suppose -16 = -4*x - 4*y, g = 4*x + 3*y - 7*y - 24. List the prime factors of x.
5
Suppose 2*m = 3*m - 1. Let j be (-16)/(-2 + 4) - m. Let q = -2 - j. What are the prime factors of q?
7
Suppose 5*n - 393 = 3*o, 46 = -3*n + 4*o + 273. What are the prime factors of n?
3
Let r(u) = 2*u**2 + 3*u + 9. List the prime factors of r(10).
239
Suppose -19 = -2*q + 173. List the prime factors of q.
2, 3
Let v(p) = p - 10. Let q be v(7). Let g = q - -1. Let i = 9 + g. List the prime factors of i.
7
Let p = 190 - 119. List the prime factors of p.
71
Let q = 25 + 7. Suppose 2*m = -4*l + q, 9*l = 4*l + 25. What are the prime factors of 14/m + 2/3?
3
Let d = 241 - 27. Suppose -5*m + 59 = d. Let i = -17 - m. What are the prime factors of i?
2, 7
Let z be 338/5 - 2/(-5). Let q = -17 + z. What are the prime factors of q?
3, 17
Suppose 0 = -k + 14. Let o = k - -13. What are the prime factors of o?
3
Let o(w) = 27*w**2 - 3*w + 4. List the prime factors of o(4).
2, 53
Let p = -1 - -4. Let h(f) = p*f + 0*f + f**2 - 8 + 1. List the prime factors of h(-6).
11
Let c = -18 + 12. What are the prime factors of (10*3/c)/(-1)?
5
Suppose 2*t - 5 = -3*t. Let n = 5 - t. What are the prime factors of n?
2
Let h(p) = p**2 + 6*p + 6. Let j be h(-5). Let d = 2 - 4. List the prime factors of 10 + (1 + d)*j.
3
Let v(c) = c**3 - 5*c**2 - 11*c + 16. List the prime factors of v(7).
37
Let g(r) = -r**3 + 2*r**2 + 18*r + 18. List the prime factors of g(-7).
3, 37
Let b = -23 - -186. What are the prime factors of b?
163
Let s(g) = -g**3 + 4*g**2 + 2. Let b be s(4). Let z = 11 - 8. Suppose m - b*y = 8, -z*m - 3*y + 11 = -4. What are the prime factors of m?
2, 3
Let m be (-13)/(-5) - 2/(-5). Suppose 3*f = 6 + 18. Let o = f + m. List the prime factors of o.
11
Let d = -5 - -5. Let f = d - -12. List the prime factors of f.
2, 3
Let q(y) = -5*y**3 + 4*y**2 + 3*y + 11. Let l(w) = -11*w**3 + 9*w**2 + 7*w + 22. Let t(h) = -4*l(h) + 9*q(h). List the prime factors of t(0).
11
Let m(s) = s**3 + 11*s**2 + s - 2. List the prime factors of m(-10).
2, 11
Let t(j) = 8 + 4*j**3 + 7 - 3*j**3 + j**2 - 6 - j. What are the prime factors of t(0)?
3
Let o = 223 - 156. List the prime factors of o.
67
Suppose 2*o - 3*o = -7. Suppose o*h = 3*h + 16. List the prime factors of h.
2
Suppose 0 = -n + 8 - 38. Let i = n - -62. List the prime factors of i.
2
Suppose 0*t = t + s - 79, -2*s = 3*t - 236. List the prime factors of t.
2, 3, 13
Suppose 0*b - 20 = -5*b. Suppose 5*x - 17 - 1 = -4*v, -b*x = 4*v - 16. What are the prime factors of v?
2
Let o(k) = -k**3 - 9*k**2 - 9*k - 8. Let u be o(-8). Suppose 0*g + 9 = 3*g - 3*a, 2*g - 3*a - 4 = u. List the prime factors of g.
5
Suppose -j - 2 - 8 = -4*o, j + 5*o - 8 = 0. List the prime factors of (j/5)/(4/(-160)).
2
Let y(a) = 3*a**2 + a - 1. Let m = 31 - 46. Let q be 2/4 + m/6. What are the prime factors of y(q)?
3
Suppose -6*l + 2*l - 18 = -v, 16 = -4*l. Suppose v*j - 17 - 11 = 0. What are the prime factors of j?
2, 7
What are the prime factors of (-1)/(4/546*(-5)/10)?
3, 7, 13
Suppose 0*k = -k + 2. Let m be 9 - (-2 - (-1 - k)). Let r = m + -2. What are the prime factors of r?
2, 3
Let s(m) = -5*m + 6*m - 4 + 5 - 2*m. Let f be -2*(-1)/((-4)/6). What are the prime factors of s(f)?
2
What are the prime factors of (-1 + 6)*(-144)/(-40)?
2, 3
Let l(j) = j**2 - 2*j - 1. What are the prime factors of l(-2)?
7
Let w be 8/12*(-3)/2. Let h(l) = 4*l**2 - 2*l - 1. Let o be h(w). Let y = 8 - o. What are the prime factors of y?
3
Suppose 2*b - 137 = -3*b - 3*n, 25 = b + 3*n. Suppose b = q - 10. What are the prime factors of q?
2, 19
Let c(n) = -n**3 + n**2 + 59. Let m be c(0). What are the prime factors of (-2)/(-6)*(m + -2)?
19
Suppose 0 = -2*b - 5*c - 21, -3*b + 0*c = -2*c + 3. Let w = b + 7. Suppose -w = -h - h. What are the prime factors of h?
2
Let c be (-8)/12 + 92/(-6). Let n = c + 34. What are the prime factors of n?
2, 3
Let s = -14 + 20. Suppose -8 = -s*c + 2*c. Suppose -c*m = -0*m - 14. What are the prime factors of m?
7
Suppose -z + 2*m - 7*m + 98 = 0, 2*z - 180 = -2*m. What are the prime factors of z?
2, 11
Let m(z) = 12*z**2 - 1. Let t be m(-1). Let k = t - 37. Let g = -15 - k. List the prime factors of g.
11
Suppose -11 = -4*l + 1. Suppose -7 = -l*x + 8. List the prime factors of x.
5
Suppose 3 = 2*l - 5. Let v(z) = 2*z - 4. Let d be v(l). Suppose -2*g = -d*n - 16, n + 8 = g - 3*n. What are the prime factors of g?
2
Let f(o) = 8*o**2 - 9*o + 4. Let i(a) = -7*a**2 + 8*a - 3. Let z(k) = -6*f(k) - 7*i(k). What are the prime factors of z(-2)?
5
Let u(d) = -2*d + 11. Let j be u(10). Let x be -2 - j - (-12)/(-4). Suppose -4*a + x*m = -60, 0 = m - 0*m + 1. What are the prime factors of a?
2, 7
Let a be 5 + 2*(-3)/6. Suppose -8 = -m + 2*i + a, 3*m = -5*i + 80. Suppose 0 = 3*w - 5*b - m, -w + 0 + 3 = 2*b. List the prime factors of w.
5
Let h be 56 - (1 + -2 - -2). Suppose -h = -4*i + 5*g + 34, -3*g + 65 = 5*i. Suppose -5*d + 3*l = -i, -2*d - 2*d + 4 = 2*l. What are the prime factors of d?
2
Let f = -16 + 6. Let v(k) = -8*k**3 + 2*k**2 - 2*k + 1. Let o be v(1). Let i = o - f. List the prime factors of i.
3
Suppose -2*j = 5*v - 653, 127 = v + 8*j - 4*j. Suppose v = 5*b + 46. List the prime factors of b.
17
Suppose 0 = -w + 2*w. Suppose -4*y + d = -14, y + 4*d = -w*y - 5. Suppose 0 = b - v - 7, 4*b = y*v + 4 + 22. List the prime factors of b.
5
Let c(q) = q**2 - 9*q + 6. Let z be c(9). List the prime factors of (z - 2)/(6/60).
2, 5
Suppose -1 + 3 = 2*h. Let v = 24 - h. List the prime factors of v.
23
Let a = -45 - -132. List the prime factors of a.
3, 29
What are the prime factors of 35 + 0 + (-2)/(-2)?
2, 3
Suppose -2*p = 3*p - 20. Let n = p - 1. Suppose -5*y = -13 + n. What are the prime factors of y?
2
Let h be (12/8)/(1/(-2)). Let z(x) = -x**2 - 4*x + 4. What are the prime factors of z(h)?
7
Let x(p) = 5*p**2 + 15*p + 8. What are the prime factors of x(-8)?
2, 13
List the prime factors of (-13 - 3)/(-2)*6.
2, 3
Let y(a) = -a**2 + 29*a + 20. List the prime factors of y(13).
2, 3, 19
Suppose 4*m = 248 - 48. Suppose 4*j - j + 7 = 5*h, -5*j - 4*h + m = 0. List the prime factors of j.
2, 3
Let q(v) = -3*v + 5. Let k be q(4). Let s = 15 + k. List the prime factors of s.
2
Let a(s) = 2*s - 3. Let p be a(6). Let v be 2 + -1 - (-22 -